ainder when 9309 is divided by q.
13
Suppose 16*k = 12*k + 40. What is the remainder when 5/(20/(-8)) - -28 is divided by k?
6
Suppose -4*b + 412 = 4*k, -2*k = 31*b - 30*b - 100. Calculate the remainder when 4344 is divided by b.
104
Let d = -60 - -148. Let j = 84 - d. Let r(i) = -i**2 - 6*i - 2. Calculate the remainder when 10 is divided by r(j).
4
Let n = -17858 - -18905. Calculate the remainder when n is divided by 23.
12
Suppose -5*m - 2*l + 155 = -525, 0 = -4*l - 20. What is the remainder when 367 is divided by m?
91
Let z(o) = 3*o + 30. Let c(l) = -l**2 + 7*l + 3. Let r be c(3). Calculate the remainder when z(r) is divided by (4/6)/((-8)/(-228)).
18
Suppose -u = 4*u. Suppose u = -3*o - 144 - 21. Calculate the remainder when 35 is divided by 15*-3*22/o.
17
Suppose -3*c + 14 = -21*z + 22*z, -3*z + 54 = -3*c. Let m(s) = -6*s + 108. What is the remainder when 136 is divided by m(z)?
4
Let i be (-1)/4 + (981/4 - 2). Let u = i - 222. What is the remainder when 43 is divided by u?
1
Suppose 5*t + 7 = -a, 7*a + 7 = 8*a - 2*t. What is the remainder when 416 is divided by (13/a - 1)*357/34?
31
What is the remainder when 8 is divided by 4/(0 + -6 - -8) + -3 + 4?
2
Let w = 27 - 8. Calculate the remainder when w - (-4 + (-2 - 1)) is divided by 15.
11
Let g be (-17 - -1)/(14/56). Let x(h) = -11*h + 6. Let q be x(-11). Let v = g + q. What is the remainder when v is divided by 22?
19
Calculate the remainder when -15 + (-136 - 13)*-3 is divided by ((-7)/(-2))/((-5)/(-20)).
12
Suppose 465 = o + 459, 5*k - 324 = o. Calculate the remainder when 193 is divided by k.
61
Let g(j) = -j**2 - 9*j + 14. Let d be g(-10). Suppose -d*v - 49 = -133. Let r = 2773 - 2734. Calculate the remainder when r is divided by v.
18
Let g(x) be the third derivative of -x**5/60 - 11*x**4/24 + 4*x**3 - x**2. Calculate the remainder when g(-10) is divided by (40/3 - 0)/(24/36).
14
Suppose -9*w + i = -6*w - 189, 0 = -2*w - 4*i + 98. Suppose -4*g = -0*g - 220. Let f = w + g. Calculate the remainder when f is divided by 24.
20
Let d = 56 - 58. Let s(t) = -3*t**2 + 0*t**2 - 7*t**3 - 4 + 4*t**3 - 2*t + t**3. What is the remainder when 9 is divided by s(d)?
1
Let z = -4 - -35. Let w = z - 40. What is the remainder when 18 is divided by (w + -24)*(2 + (-21)/9)?
7
Suppose 81 = 5*h - 364. Let t(q) = -q**3 - 38*q**2 - 29*q - 1057. Calculate the remainder when h is divided by t(-38).
44
Let r be (44/(-6))/((-28)/126). Suppose -r*k + 44 = -31*k. Suppose 0*c = c + 4*j - 16, -5*j - 7 = -c. What is the remainder when k is divided by c?
10
Suppose -t + 55 = j, t - 23 = 4*j + 17. Calculate the remainder when (19/(-2))/(-1 - (-50)/t) is divided by 42.
37
Suppose 0 = -f + 142 + 139. Calculate the remainder when 0 + f + (5 - 5) + 0 is divided by 72.
65
Suppose c - 10 = -4*c - 5*m, -5*c - 2*m - 2 = 0. Calculate the remainder when (3/(-6))/(c/436) is divided by 53.
3
Let u = 1440 + -1425. What is the remainder when 237 is divided by u?
12
Suppose -j - 5 = 0, 5*d - 64 = -j - 14. Let b(p) = -10*p + 23. Let l be b(d). Calculate the remainder when l/(-3) + 4 + -8 is divided by 13.
12
Suppose 92*u + 329*u - 12209 = 0. What is the remainder when 215 is divided by u?
12
Let b = 59 - -39. Let z(d) = 2*d**2 + 77*d - 679. What is the remainder when b is divided by z(-46)?
10
Let l = -14 + 55. Let x(u) be the first derivative of 7*u**2/2 + u + 1. Calculate the remainder when l is divided by x(3).
19
Let n(b) = 338*b**2 - 20*b + 22. What is the remainder when n(1) is divided by 184?
156
Let x(b) = -b**3 + 14*b**2 - 11*b + 16. Let g = 248 - 236. What is the remainder when x(g) is divided by 35?
32
Suppose 129 = 4*u + j, 4*j - 3*j - 65 = -2*u. Calculate the remainder when ((-1204)/(-63))/((-36)/(-162)) is divided by u.
22
Let u be ((-54)/36)/((-3)/268). Suppose -43 = -4*k + 21. What is the remainder when (u - 133)*1*(0 + 44) is divided by k?
12
Let m(k) = 22*k - 1. Suppose 498 + 71 = 73*q - 599. What is the remainder when m(2) is divided by q?
11
Suppose -5*c - 344 = 3*x - 0*c, -3*c = -3*x - 312. What is the remainder when 61 is divided by (-24)/x - (-277)/9?
30
Suppose 3*u + 9 = f - 33, -185 = -4*f - 5*u. Suppose -8*p + 59 + f = 0. What is the remainder when (-2)/(-3) - (-254)/6 is divided by p?
4
Suppose -19*x + 3*x = -5*x. Suppose -16*y + 21*y - u - 205 = 0, x = 3*y + 4*u - 100. What is the remainder when 199 is divided by y?
39
Let m be 12/4 + (-4)/(-1). Let g(a) = -a**3 + 7*a**2 + a + 10. Let x(z) = -8*z - 233. What is the remainder when x(-33) is divided by g(m)?
14
Let l = 37 - 11. Suppose -5 = 9*s - 14*s. Let f(x) = 50*x**2 - x + 1. Calculate the remainder when f(s) is divided by l.
24
Let y(z) = -z**3 + 4*z**2 + 12*z + 1263. What is the remainder when y(0) is divided by 209?
9
Suppose -14*r = -11*r - 69. Suppose -3*h - 274 = r. Let j = h + 140. Calculate the remainder when 80 is divided by j.
39
Suppose f + o = 87 - 62, -32 = -2*f + 4*o. Suppose 73 = f*i - 103. What is the remainder when 189 is divided by i?
5
Suppose 5*g = 2*g + 120. Suppose h = -c + 74, -2*c + 54*h + 138 = 51*h. What is the remainder when c is divided by g?
32
Suppose 4*i - 2*g + 12 = 0, 5 = -5*i + 3*g - 9. Calculate the remainder when i/8*2*(-255)/1 is divided by 43.
40
Let a be 8/4 - 1 - (6 - 0). Suppose -10 = -3*c + 11. What is the remainder when c is divided by (a - (0 + -1))/(-26 + 24)?
1
Suppose 2*p + 5*l - 179 = 0, -2*l - 1 - 1 = 0. Let q(f) = -3*f - 21. Let w be q(-7). Suppose w = 5*x - 193 - 47. Calculate the remainder when p is divided by x.
44
Let m be ((-18)/1)/2 + (-34 - -37). Calculate the remainder when 83 is divided by (-178)/(-6) + m/9 + 0.
25
Let f(h) be the first derivative of 4*h**2 - 53*h + 8. What is the remainder when 24 is divided by f(7)?
0
Let y(n) = -7*n**2 + 356*n - 511. Suppose -9 - 191 = -5*t. Calculate the remainder when y(49) is divided by (-1 + t)*(-4)/(-6).
22
Let k(r) = 7*r**2 - 27*r + 23. Suppose -3*g = 6, 0*b + 4*b - 2*g = -36. Calculate the remainder when k(4) is divided by (-2)/b + 34/5.
6
Let h be (105 - 109) + (1 - -7). Suppose -t + 2*u = h*u - 74, -3*t + 216 = 3*u. Calculate the remainder when 697 is divided by t.
67
Let m = 24 - -18. Let n = -27 + m. Suppose 9*u - 88 = 7*u. What is the remainder when u is divided by n?
14
Suppose 0 = 2*d - 2*d - 13*d. Suppose d = -2*h + 6 - 2. Suppose 6*n + 20 = 4*c + 3*n, -3*c + 14 = -h*n. Calculate the remainder when c is divided by 2.
0
Suppose 3*s = -s + q + 12, 0 = -3*s + 2*q + 9. Suppose -2*m - 3*m + 35 = 0. What is the remainder when 6/(-8)*-4 + 19*s is divided by m?
4
Let f(b) = -12*b + 239. Calculate the remainder when 303 is divided by f(18).
4
Let h(r) = 99*r - 5. Let q(i) = -96*i + 6. Let p(v) = 4*h(v) + 3*q(v). Calculate the remainder when p(1) is divided by 27.
25
Let u(g) = 43*g - 29. Let d = -224 + 517. Calculate the remainder when d is divided by u(1).
13
Let r(x) = -14*x**2 + 10*x - 33. Let n(k) = -20*k**2 + 16*k - 49. Let z(u) = -5*n(u) + 7*r(u). Calculate the remainder when z(-9) is divided by 45.
41
Let j(b) = -18*b - 539. What is the remainder when 406 is divided by j(-36)?
79
Let v = -29093 - -29184. What is the remainder when 8914 is divided by v?
87
Suppose 1556 + 4840 = 41*w. Suppose u - 154*l = -w*l + 19, 90 = 3*u - 5*l. Suppose 4*s - 24 = 16. What is the remainder when u is divided by s?
5
Let m be 3/9 - 3/((-36)/92). Let p(h) = -h**2 + 9*h - 1. Let b be p(m). Suppose -10*l + b*l = -3. What is the remainder when 2 is divided by l?
0
Suppose 4*u = 19*u - 180. What is the remainder when 146 is divided by 30 + (3 - u/6)*-5?
21
Let u(s) = -s**3 - 7*s**2 - 42*s - 26. Let c be u(-8). Let m = c + -275. What is the remainder when 791 is divided by m?
98
Suppose 2*c - 5*t = 349, 5*c - 20*t - 880 = -9*t. What is the remainder when 8225 is divided by c?
184
Let a be (5 + (-42)/12)*(-10)/(-3). Suppose 22*i + 2 = 23*i + a*w, i - 14 = -w. Calculate the remainder when 53 is divided by i.
2
Let u = -995 + 3400. Calculate the remainder when u is divided by 21.
11
Suppose -18*i + 21*i = 2*d + 271, -4*i + 354 = d. What is the remainder when 14682 is divided by i?
86
Let j be (-117)/78*2/(-1). Suppose j*i - 189 = -q, 12*q + 3*i - 774 = 8*q. What is the remainder when q is divided by 33?
30
Let k(g) = -3 - 2*g + 1 - 14*g**3 + 14*g**3 - 5 - 12*g**2 - 2*g*